
True
Suppose 3*o - 396 = -2*l, 2*o - 3*l = 197 + 80. Suppose 105 = y - o. Is y composite?
False
Is (5 - -5330) + 14 + -18 a composite number?
True
Let c(t) be the first derivative of 20*t**3 + 7*t**2/2 + 7*t - 8. Let u be c(-5). Suppose -4*l - f + 3071 = 0, -2*l + 56 = 2*f - u. Is l composite?
False
Suppose 0 = 2*o - 6*o + 4. Let p(w) = 7*w**3 - w**2 - 2*w + 1. Let m be p(o). Suppose 2*t = -2*z + 414, -2*t + t + 183 = -m*z. Is t a composite number?
True
Let x(t) = -1156*t + 3. Let u be x(-2). Suppose 4*g + g = u. Let o = g + -272. Is o a prime number?
True
Suppose 44 = -5*y + 9*y. Let j(o) = 15*o**2 - 16*o + 16. Is j(y) composite?
True
Let d = -2986 + 8133. Is d composite?
False
Let i = 106 + -43. Is 1*(-4)/7 + 42939/i a prime number?
False
Let x = 42 - 61. Let w = 21 + x. Suppose 4*l = 3*l - 3*k + 381, k + 790 = w*l. Is l a prime number?
False
Let k(v) = 8*v**2 - 4*v + 4. Let p be k(5). Suppose -505 - p = -j. Is j a prime number?
False
Let b(a) = 4*a**3 + 17*a**2 - 31*a + 7. Let d be b(-14). Let o = -4792 - d. Is o a prime number?
True
Suppose 0 = -2*x - 3*v + 79318, -9*x + 13*x + v - 158656 = 0. Is x a composite number?
True
Suppose 3*x - 2400 = -9*x. Suppose 4*y = -r + 6*r - 495, 0 = 2*r - 2*y - x. Is r prime?
False
Let m(s) = 1248*s + 11. Is m(1) a prime number?
True
Let y(r) be the third derivative of -1/24*r**4 - 1/12*r**5 + 0*r - 6*r**2 + 1/6*r**3 + 0 - 1/120*r**6. Is y(-6) composite?
False
Let i = -7133 + 56860. Is i a prime number?
True
Let f = 12697 + -4880. Is f a prime number?
True
Let g(y) = -y**2 - 13*y + 4. Let w be g(-11). Suppose 0 = -4*v - 46 - w. Is (-6)/4 - 7569/v composite?
False
Suppose 128*x = 127*x + 1067. Let t = x + -324. Is t a prime number?
True
Suppose -2*y - 8 = 0, 0 = 4*s - 4*y - 201 + 1521. Let d = s - -578. Let u = d - 157. Is u a composite number?
True
Is (65/(-39) - 26/6) + 2405 a composite number?
False
Let o be 1/(-6) + 294/36. Suppose 4*k + 2716 = o*k. Is k a prime number?
False
Let r = 324 - 219. Is (596/(-6))/((-10)/r) a composite number?
True
Is 54/(-12)*(-2)/18*4906 prime?
False
Let a(b) = 809*b**2 - b + 13. Is a(4) prime?
True
Let b(h) = -h + 2. Let l be b(-5). Let c = l + 5. Suppose 18 = 2*n - c. Is n a prime number?
False
Suppose -2*y - 2*t + 14 = 0, -y + 0*t - 2*t + 11 = 0. Suppose -k + 3*j = -17, 3*k - y*j = -7*j - 1. Suppose -k*i - 1 + 66 = 0. Is i a prime number?
True
Suppose 6*o = o. Suppose o = p + 4*p - 20. Is ((-11)/p)/(2/(-136)) prime?
False
Suppose -2*g + 12 = 14. Is g/((8/2253)/(-8)) a composite number?
True
Let l = 12142 - -6921. Is l a prime number?
False
Let p = -2160 - -4240. Suppose -4*t + p = 196. Is t a prime number?
False
Let l(u) be the first derivative of -1 + 4*u - 29/2*u**2. Is l(-5) a prime number?
True
Suppose -20756 - 35285 = -2*s - 3*u, 3*u = 15. Is s prime?
False
Suppose -10*f = -4*y - 9*f + 3187, 3184 = 4*y - 4*f. Is y a composite number?
False
Let y(m) = 67*m**3 - 3*m**2. Let o be y(2). Let l(d) = 47*d**2 + 3*d + 7. Let r be l(-4). Let w = r - o. Is w prime?
True
Let w = -22 + 14. Let h be (-6)/w - (-6)/(-8). Suppose 3*m + 5*y - 221 = h, -316 = -4*m + y + 3*y. Is m a prime number?
False
Let h(s) = -s**3 - 3*s**2 - 2*s. Let b be h(-1). Suppose -8 = -2*l, 2*a - 5*l - 59 - 87 = b. Is a a composite number?
False
Let q(d) = -5*d**2 + d + 2897. Is q(0) a composite number?
False
Let a(k) = 469*k + 4. Let u be a(6). Is 8/4*2/8*u a prime number?
True
Suppose -8 = 2*c, t = -3*c + 6098 - 777. Is t prime?
True
Suppose 2*o - s = 2800, 0 = -3*o - s + 4*s + 4203. Is o a prime number?
True
Let b be (0 - (-199)/(-2))*2. Suppose -35*s = -83*s + 15648. Let t = s + b. Is t prime?
True
Is (0 + (-99)/18)/((-1)/23654) composite?
True
Suppose -2*b + 5 - 15 = 0. Let s = 7 + b. Is s/(-2) - (-5 + -53) composite?
True
Let j = -11 - -16. Suppose -h + 1837 = 3*h - 3*q, -j*q = 15. Is h prime?
True
Suppose 0 = t + 7 - 4. Is 11/(((-1)/t)/((-59)/(-3))) a prime number?
False
Let s(p) = -p**2 - 14*p - 11. Let c be s(-13). Let n(w) = -2 + 0*w**2 - 1 - w**c + w**3 + 2 + 2*w. Is n(6) a prime number?
True
Suppose -394*o + 410*o = 27728. Is o composite?
False
Suppose -b - 7115 = -6*b. Suppose 0 = -2*i - 533 + b. Is i a composite number?
True
Suppose 318 = 3*l + 4*w + 69, 2*l + w - 166 = 0. Let c(q) = 2*q**2 + 8. Let k be c(-4). Let d = l - k. Is d prime?
True
Let l be 9/(-6) - ((-8622)/4)/(-1). Let n = l + 3518. Is n a composite number?
False
Suppose -20 = -i - 4*i. Suppose -3*b - 5*h = -527 - 137, 2*b - 442 = -i*h. Is b a composite number?
False
Let t = 450 + 262. Let s(n) = 138*n. Let l be s(7). Suppose -l = -2*j + t. Is j composite?
False
Suppose 37*g - 30*g - 42 = 0. Suppose -2910 = -g*o - 216. Is o composite?
False
Let x = 2 - 3. Let p = -9 + x. Let d(m) = m**2 - 8*m + 3. Is d(p) a composite number?
True
Suppose 3*u = 5*y + 11, 3*u = 4*u - 4*y - 6. Suppose -21 = 5*x - u*x. Let w(k) = k**3 + 10*k**2 - 5*k + 5. Is w(x) a prime number?
False
Is (-18 - 16)*((-466)/4)/1 a composite number?
True
Let h = 42 + -38. Suppose m + 10 = -h*m, 2*m + 576 = 4*x. Is x composite?
True
Suppose -2*m + 4*c + 6905 + 457 = 0, 3 = 3*c. Is m a prime number?
False
Suppose 6 = 3*a, -3*h - 204 + 5091 = -3*a. Is h prime?
False
Suppose -8*g + 11*g - 5331 = 0. Is g a prime number?
True
Let g be 0 - -3 - 15/5. Suppose g = -2*j + 1 + 7. Suppose 0*y - 4*y + 5*i + 136 = 0, 4*i - 136 = -j*y. Is y a prime number?
False
Let j be (-2)/(-10) - (-654)/30. Suppose -j*r + 18*r = 8. Is r/(-3) - (-31)/3 prime?
True
Let x(u) = u**3 + 11*u**2 + 2*u + 15. Let c be x(-11). Is (-2)/8*(-1355 - c) composite?
False
Let d = 844 + 1123. Is d composite?
True
Let d(l) be the first derivative of 5*l + 2*l**3 + l**2 + 2 - 5/4*l**4. Is d(-4) a prime number?
False
Suppose -2*u + 12248 = -7874. Is u prime?
True
Let h(q) = 158*q - 3. Let v(k) = 159*k - 2. Let a(d) = 3*h(d) - 4*v(d). Is a(-1) a composite number?
True
Let r = 316 - 200. Suppose 3*d - r - 1051 = 0. Is d composite?
False
Suppose 2559871 = 57*f - 2990048. Is f composite?
False
Suppose 3426 = -0*i + 3*i. Suppose -4*v - 4*y + 1057 = -479, -3*v = 5*y - i. Suppose 4*x + v + 309 = 5*s, 5*x = -s + 157. Is s prime?
False
Let l be 8/(-10) - (-10212)/(-60). Let i = l - -248. Is i a composite number?
True
Let j be (10/4)/(3/12). Suppose -38 = -5*m - 4*f - j, 0 = 5*m + f - 22. Suppose -3*t - 4*h + 2235 + 68 = 0, 3059 = m*t + 3*h. Is t prime?
True
Is 7 - 5 - 7 - -2376 composite?
False
Let v(g) = -8537*g + 122. Is v(-3) composite?
False
Let q = -289 + 932. Let z = q + -336. Is z a composite number?
False
Suppose 15 = 4*p + 3. Suppose -2*g = -2*q + 580, p*g = -q - 124 + 402. Is q a prime number?
False
Let l(z) = -21*z + 3. Let g be l(-5). Let r = 76 - g. Let t = r - -87. Is t composite?
True
Suppose 3*g - 4*u + 0*u = 4120, 0 = -5*g - u + 6859. Let w = g + -786. Is w composite?
True
Let l(f) = 9*f + 45. Let y(z) = -4*z - 22. Let b(c) = 6*l(c) + 13*y(c). Let q be b(9). Suppose -5*v - 4*w = -806, 0*w + q*w = -5*v + 798. Is v prime?
False
Let k(a) = a**3 - a**2 + 2. Let q(d) = d**3 + 3*d**2 - 5*d. Let u be q(-4). Let m be k(u). Suppose 3*y + 2*y - m = 0. Is y prime?
False
Suppose 4*y = 4*q - 60, 5*q - 79 = 2*y - 10. Let h(p) = 3*p**2 + 7*p + 5. Let l(i) = i**2 - i. Let a(x) = -h(x) + 4*l(x). Is a(q) prime?
False
Suppose -z + 4*z = 4680. Let h = -859 + z. Is h a prime number?
True
Suppose -7465 = 5*g - 0*g. Let z = -396 - g. Is z a prime number?
True
Suppose -8 = -3*a - a. Suppose -5*y - a*s + 0*s = -11, -2 = 2*y + 4*s. Suppose -4*q = y*x - 2*x - 152, 3*q + 2*x = 119. Is q composite?
False
Let t be (-5)/(-4 - 441/(-111)). Let d(u) = t + 8*u - 9*u + 0*u**2 - u**2. Is d(0) a composite number?
True
Is -26227*(-6 - 3 - -8) composite?
False
Let v be (334/(-4))/((-6)/12). Let z = 34 + v. Is z composite?
True
Let j(f) be the second derivative of -13*f**6/120 - f**5/30 - f**4/8 + f**3/2 - 3*f**2/2 - 6*f. Let r(g) be the first derivative of j(g). Is r(-4) prime?
False
Let t(m) = 10*m**3 + 4*m**2 + 72*m + 83. Is t(22) a composite number?
False
Let f(i) be the second derivative of -i**5/20 - 2*i**4/3 - i**3 - 5*i**2 + 75*i. Suppose 4*x = 3*g + 44, 2*g + 4 + 7 = -x. Is f(g) composite?
True
Let k = -45 + 80. Let z = 35 - k. Suppose -v + 335 = 2*v + 2*r, 2*v + r - 225 = z. Is v a prime number?
False
Let o = 135470 + -65649. Is o a 